(d) = -72*d + 515. Is f(-27) composite?
False
Is (-495855)/(-81) + -2*2/6 composite?
False
Suppose -4*o - 703 = -5*o. Is o a prime number?
False
Let m = -8350 + 14547. Is m a prime number?
True
Let v(t) = -t**3 + 49*t**2 - 89*t + 31. Is v(42) a prime number?
True
Let h be 4/(-34) + (-422478)/(-238). Suppose -4*i - 3*x = -h, -i = i + 5*x - 891. Is i composite?
False
Is 2/27 + 299210/54 a prime number?
False
Let b = 14964 - 7685. Is b prime?
False
Let r(g) = -g**3 - 42*g**2 + 28*g + 254. Is r(-49) a composite number?
True
Let q = -15 - -22. Let g(z) = 7*z + 11*z**2 - q + 2 + z**3 - 18*z. Is g(-10) composite?
True
Suppose 0 = 3*i - 2*o - 240921, 66491 = 2*i + o - 94116. Is i a composite number?
True
Suppose 6*d = 2*d. Suppose 5 = -k - d. Is ((-148)/k)/((-2)/(-5)) prime?
False
Let u = 22 + -25. Is u/9*-4533*1 a prime number?
True
Suppose -15*y + 212836 = -5669. Is y composite?
True
Let x = 92 - -426. Let t = 2772 - 1765. Let v = t - x. Is v a composite number?
True
Suppose 13*a = 9*a + 1556. Is ((-16)/8)/((-2)/a) a prime number?
True
Suppose -21956 - 35012 = -8*t. Is t a prime number?
True
Let w = 31 + -18. Let o = w + 5. Let p = o - -1. Is p prime?
True
Let y(q) = 20*q**2 - 31*q - 275. Is y(-28) composite?
False
Suppose -j + 35 = 6*j. Suppose 4*r = 8, 0*r = -5*k - j*r + 25. Suppose -4*y = -2*h + 1794, 3*h + h = k*y + 3568. Is h composite?
True
Suppose -31*l + 27*l - 4*v + 96952 = 0, -4*l - 3*v + 96953 = 0. Is l composite?
False
Let x(a) be the first derivative of a**4 - a**3/3 + 8*a**2 + 6*a - 15. Is x(7) a composite number?
True
Is 77534/14 + (-594)/(-693) composite?
True
Suppose -304*g + 273*g + 56885 = 0. Is g composite?
True
Let l(k) = -65*k + 12. Let h be l(-27). Let d(a) = -8*a**3 - 6*a**2 - 3*a - 5. Let g be d(-5). Let i = h - g. Is i a prime number?
True
Suppose 10948 + 109632 = 20*d. Is d a prime number?
True
Is -1*1 - 413049/(-91) composite?
True
Let j be (32/40)/(4/310). Let r(k) = -j*k + 4 + 2 - 7. Is r(-4) a composite number?
True
Let y(k) = -k**2 + 8*k + 4. Let r be y(6). Suppose -3*c = -4*l + 149, 4*c - 157 = -4*l - c. Let j = l - r. Is j prime?
False
Let z = 14 - 7. Suppose -2*p + z*p = -65. Let i = p - -32. Is i a prime number?
True
Let h(r) = r**3 - 9*r**2 + 8*r. Let y be h(8). Suppose 5*j = -10, 5*j + 12 = -y*a + a. Suppose -9 = -a*z + 33. Is z composite?
True
Let u(l) = 4590*l + 113. Is u(8) a prime number?
True
Suppose -4*j - 5*g + 1487 = 67, 0 = -2*j - 5*g + 710. Is j a prime number?
False
Let w = 25 - 8. Let c = -6 + 3. Let k = c + w. Is k a prime number?
False
Let u(k) = k**3 + 3*k**2 - 4*k + 3. Let o = 13 - 7. Let m be u(o). Is 1 + m*(4 - 0) a composite number?
False
Let f(z) be the third derivative of -z**6/30 + z**5/60 + 7*z**2. Let h be f(-1). Suppose -h*g + 627 = m - 3553, 2*m - 10 = 0. Is g prime?
False
Suppose 15*s - 206 = 1219. Let z = 150 - s. Is z prime?
False
Suppose -o + 33 = n, -5*n + 0*n - 5 = 0. Let y = o - 21. Suppose y*w = 11*w + 194. Is w composite?
False
Suppose 21 = g + 6. Suppose 5*z + g = 0, -z = 3*q - 8*q + 973. Is q prime?
False
Is (9*3/27)/((-2)/(-742)) a prime number?
False
Let i(w) = 628*w - 87. Is i(14) a prime number?
False
Let q = -20 - -24. Is ((-4580)/6)/(q/(-6)) prime?
False
Let g(t) = -155*t - 181. Is g(-10) composite?
True
Let x(v) = 119*v + 78*v + 12*v - 1. Is x(2) composite?
True
Suppose a + 5*d = 9*d + 2, 0 = 5*a - 5*d - 10. Suppose 2104 = a*q + c - 820, 0 = -2*c + 4. Is q prime?
False
Let j(y) = -21*y**2 + 2*y**2 - y**2 - 28 - 13 + 15*y + 3*y**3. Is j(13) a prime number?
False
Suppose -3*h = -733 - 515. Let g = h + 105. Is g a prime number?
True
Let a(y) = -y - 5. Let m be a(-8). Suppose -2*h = m*h - 1295. Is h prime?
False
Let t be 343 - (11 - 8)/(1 - 0). Let m(k) = -49*k + 1. Let j be m(-7). Suppose -t = -4*u + 4*p, 4*u - 8*u = -3*p - j. Is u a composite number?
False
Suppose 0 = 8*z - 31 - 9. Suppose -5*r - 282 = 88. Let w = z - r. Is w prime?
True
Let l(d) = -3*d**3 + 10*d**3 - 10 - 6*d**3 - 4*d + 8*d**2. Let s(y) = -2*y**2 - 4*y - 1. Let j be s(-3). Is l(j) a composite number?
False
Let r(l) = l**2 - 45. Let c be r(0). Let s = c - -626. Is s a prime number?
False
Suppose -55992 = -32*p + 8*p. Is p a prime number?
True
Suppose -8*v + 109482 - 14402 = 0. Is v a composite number?
True
Let q(v) = -2*v + 9. Let b be q(3). Suppose 8*y = b*y + 1655. Is y a prime number?
True
Suppose 0*w = -2*w - 130. Let x(t) = 59*t + 6. Let n be x(2). Let f = w + n. Is f a prime number?
True
Suppose 6*g = 4*g + 2*d + 4, 3*g + d = 18. Suppose 2*s + b = 441, -471 = g*s - 7*s + 5*b. Is s composite?
False
Let p(a) = 3166*a + 21. Let w(m) = 633*m + 4. Let y(t) = -2*p(t) + 11*w(t). Is y(3) composite?
True
Suppose 0 = -15*a + 11*a + 2064. Suppose 5*s = a + 729. Is s a composite number?
True
Suppose 2*b = 5*o + 24478 - 8350, 0 = 3*b + 4*o - 24169. Is b composite?
False
Suppose -4*t - 2*o + 21859 = -14509, -o = 3*t - 27275. Is t composite?
False
Let l(a) = -a**2 - 6*a - 8. Let x be l(-7). Let c = x + 12. Is (-3)/2*70/c composite?
True
Let v = 99 + -39. Let m(u) = -8*u**2 + u**3 - 27 - 12*u + v - 23 + 2*u**2. Is m(9) prime?
False
Let t = 9253 - 1256. Is t composite?
True
Let s(h) be the first derivative of -h**4/4 + h**3 + 2*h**2 + h - 2. Let b be s(4). Is b*((-104)/(-4) - 3) prime?
True
Let j(h) be the second derivative of 35*h**4/12 + 5*h**3/6 - 3*h**2/2 - 8*h. Is j(-4) a composite number?
True
Let f be (3/(-4))/(-1 - 9/(-8)). Is (f/(-10))/((-9)/45) - -457 a composite number?
True
Let u(f) = f**3 - 19*f**2 - 2*f + 37. Let x be u(19). Let k(y) = 1362*y**2 + 3*y + 2. Is k(x) a prime number?
True
Let f be (-4)/12 + (-201)/(-9). Is (f/(-33))/(2/(-1869)) a composite number?
True
Suppose 4 = 4*w, 5*t - 9388 = 5*w + 9022. Suppose -5*d + 12 + t = 0. Is d composite?
False
Suppose -426*c + 435*c - 1467 = 0. Is c a prime number?
True
Let g = 401 - 162. Is g a composite number?
False
Suppose -z - y = -3, 7*y = -z + 3*y + 15. Let k(a) = 71*a**2 - 2*a - 1. Let v be k(z). Suppose 2*f = 2*l - v, -f - f + 93 = 3*l. Is l composite?
True
Suppose 4438 = -9*h + 166555. Is h a prime number?
True
Suppose 0 = -3*r - 2*x + 43387, -3*r + 10*x - 14*x + 43391 = 0. Is r a prime number?
True
Suppose -4*q = a + 3*a - 8, 0 = 2*q - 3*a - 14. Suppose 0 = -5*d + 2137 - 242. Suppose -3*u + 2*t + 250 = -d, -8 = -q*t. Is u prime?
True
Let d(w) = 4*w**2 + 58*w - 355. Is d(-68) prime?
True
Let t(c) = c**3 + 22*c**2 - 17*c + 31. Let r be t(-14). Suppose -r = 41*u - 42*u. Is u prime?
False
Let u(g) = g**3 - 3*g**2 + 2*g. Let f = 18 + -15. Let x be u(f). Let t = 3 + x. Is t a composite number?
True
Let c = -22 + 32. Let o = c + -7. Suppose -2 = -2*y, -i - 3*i + o*y + 129 = 0. Is i composite?
True
Let h(c) be the third derivative of 119*c**5/30 + 35*c**3/6 - 29*c**2. Is h(-6) prime?
False
Let k be 1*-1*(-21)/(-6)*-274. Let t = 1468 - k. Is t prime?
True
Let o(h) = 207*h**2 + 2*h + 6. Is o(5) a prime number?
False
Suppose -2*s - x = -933, 471 = s + 2*x - 0*x. Suppose s = 5*z - 3*f, 0*f = -5*z + f + 465. Is z a composite number?
True
Let k = -1555 - -2298. Suppose 5*c = -l + 212 + 166, 2*l - 3*c - k = 0. Is l a composite number?
False
Let m(x) = 231*x + 85. Is m(6) composite?
False
Let m = 78 - 78. Suppose m = -9*z + 2928 + 1761. Is z a prime number?
True
Suppose -28 = 3*f - 7*f. Suppose 4*i - 48 = -0*i. Let h = i + f. Is h a prime number?
True
Let u = 27 - 22. Suppose -4*i - 140 = -2*b - 2*b, u*b + 5*i = 195. Is b a prime number?
True
Suppose 12*n = 22*n + 20. Let k(q) = 18*q**3 - 5*q**2 + 7*q - 3. Let d(a) = 17*a**3 - 4*a**2 + 6*a - 2. Let o(w) = -4*d(w) + 3*k(w). Is o(n) composite?
True
Suppose 9 = -4*j + 37. Suppose j*t + 66 = 13*t. Is t prime?
True
Let i(t) = 16*t**2 + 5*t - 91. Is i(-8) prime?
False
Let i be (336/6)/(4/26). Is 2 + i + -4 + -4 a composite number?
True
Suppose 15 = 4*d - 7*d. Let l = d - -8. Suppose -3*a = l*c - 591, -4*a = -c - a + 213. Is c a prime number?
False
Let a be 2/((-1)/(-3) - 2/(-30)). Suppose -a*m - 4*y + 1659 = -6112, 3*y = -4*m + 6217. Is m a composite number?
True
Let u(g) = -2*g**3 - 6*g**2 + 10*g + 7. Let t = -27 + 11. Let w = t + 10. Is u(w) prime?
True
Let d(y) = 0 + y**2 + 0 - 4. Let k be d(-3). Suppose k*x - 1153 = -358. Is x a prime number?
False
Let g = -846 + 1325. Suppose 4*z - 20 = -z. Suppose -2*c - 1 